culate the greatest common factor of 43 and u.
43
Let j = -18 - -3. Let z = 12 + j. Let h be 20 + z + 3/1. Calculate the greatest common factor of h and 4.
4
Let h be ((-4)/(-10))/(3/30). Suppose 5*q + 2*o - 5*o - 166 = 0, 2*o - 156 = -5*q. What is the greatest common divisor of q and h?
4
Suppose -19*c - 846 = -w - 18*c, -4*c = -5*w + 4225. What is the greatest common factor of 29 and w?
29
Suppose 30*o - 2511 = -o. Calculate the greatest common divisor of o and 36.
9
Let b be 1/2 + (-235)/(-10). Suppose 92 = 5*o - 4*q, -5*q + 41 = 5*o - b. What is the highest common factor of o and 2?
2
Let i = -30 - -35. Suppose -i = d - 2*h, -2 = -2*d + h - 3. Calculate the highest common divisor of 5 and d.
1
Suppose 2*q - 3*q = 21. Let a be -4*q/(-18)*3. Let p be (-4)/a - 435/(-21). Calculate the highest common factor of 84 and p.
21
Suppose 2*n + 3*v - 93 = 111, -v + 212 = 2*n. What is the highest common divisor of 12 and n?
12
Let p be 0 + (0 - -1) + 2. Let j be (105/(42/(-6)))/(p/(-2)). Calculate the greatest common divisor of j and 40.
10
Suppose 16080 = -0*v + 40*v. What is the highest common factor of v and 6?
6
Suppose -2*p = 5*h - 2, 3*p + 20 = 5*p - 4*h. What is the greatest common factor of p and 114?
6
Suppose 0 = -6*k + 129 + 171. What is the greatest common divisor of k and 675?
25
Let i be (-218)/(-6) + (-1)/3. Let f be (48/15 + -2)*10. Calculate the highest common factor of f and i.
12
Suppose -8*m + 51 = 5*n - 5*m, -24 = -2*n - 3*m. What is the greatest common factor of 153 and n?
9
Let l(b) = 41*b + 26. Let w be l(0). Calculate the greatest common factor of 169 and w.
13
Suppose 0 = 70*j - 23 - 47. What is the highest common divisor of 41 and j?
1
Let d = -137 - -156. Suppose -4*a = -d*a + 135. Let k = 16 - 10. What is the highest common divisor of a and k?
3
Let t = -875 - -997. What is the greatest common divisor of t and 793?
61
Let a be (-1)/2*-6 - 0. Suppose 5*r = 4*y - 80, -a*y + y - 5*r = -10. Let k = 16 - y. What is the highest common divisor of 11 and k?
1
Suppose -2*v - 6 = -38. Let u be -7*(162/(-21) - -2). Calculate the greatest common divisor of u and v.
8
Let z be 10/(-2) + 2 - 0 - -156. Calculate the highest common divisor of z and 51.
51
Let p be 1 - (3 + -3 + -1). Suppose a = -p - 3. Let f be 277/5 + (-3)/a. Calculate the greatest common factor of f and 7.
7
Let a be -1*-12*(-3)/6. Let n be (33/a)/(7/(-70)). What is the greatest common divisor of 11 and n?
11
Let k(j) = -j**3 - 3*j**2 - j - 1. Let n be (-103)/4 + 4/(-16). Let u = n + 23. Let l be k(u). Calculate the greatest common divisor of l and 6.
2
Suppose -3*x + 8*f + 55 = 7*f, 3*f + 12 = 0. Calculate the greatest common divisor of x and 1.
1
Suppose 120 = m + 4*m. Suppose 48 + m = 3*a. What is the highest common divisor of 8 and a?
8
Suppose 797 = -33*c + 5285. Calculate the greatest common factor of c and 8.
8
Let j be (-18685)/(-30) - 84/(-72). What is the greatest common divisor of 78 and j?
78
Let i = 2186 + -2172. What is the highest common factor of 18 and i?
2
Suppose -4*g + 184 = -4*m + 3636, 0 = 4*m + g - 3427. What is the highest common factor of m and 39?
39
Let r = 11 - 9. Suppose 0 = -4*j + r*j + 60. Suppose -3*a + 5 = -m + 29, -3*m + 3*a = -48. What is the greatest common divisor of m and j?
6
Let w = -1139 + 1491. Calculate the highest common factor of w and 99.
11
Suppose -q = -4*y + 167, 0 = -y - 4*q + q + 45. What is the highest common divisor of y and 63?
21
Let h(a) = a**3 - 18*a**2 - 80*a + 46. Let u be h(22). What is the highest common divisor of u and 518?
74
Let q(m) = -25*m - 125. Let s be q(-7). Let b = 11 + 0. Let a = 14 + b. What is the highest common factor of a and s?
25
Suppose v = k + 44, -3*v + 2*k + 76 = -54. Calculate the greatest common divisor of 231 and v.
21
Let q(z) = z**2 - 3*z - 18. Let a be q(8). What is the greatest common factor of 352 and a?
22
Let k = -154 + 427. Let j = 185 + -164. Calculate the highest common factor of j and k.
21
Suppose -i = 3*i - 80. Suppose 2*u = 6*u - 20. Suppose -o - 4*o = u*k - 10, 4*k = 2*o + i. Calculate the greatest common factor of 12 and k.
4
Suppose -5*l + 36 = l. Let o = -196 + 112. Let v be o/15*(-45)/6. What is the highest common factor of l and v?
6
Suppose -10 = 2*f - 2*k - 126, 0 = 5*f + 3*k - 290. Suppose q = -r + f, 3*q + r - 170 = -0*q. Calculate the greatest common divisor of 84 and q.
28
Suppose 148 = 3*n + 55. Suppose -t = -6 - n. Let m = -22 + t. Calculate the greatest common factor of m and 3.
3
Let y = -29 + 47. Let n(i) = 6*i**3 - 2*i**3 + 4 + 14*i**2 + 2 - 3*i**3 + 10*i. Let m be n(-13). What is the greatest common factor of y and m?
9
Let g be 2 - ((-4)/(-1) - 4). Suppose -16 = g*p - 4*p. What is the highest common divisor of 88 and p?
8
Suppose -p = 4*w - 11 + 1, -2*w = 0. Let b be 3 - 5/(0 + -5). Let q be 63/36 - 3/b. Calculate the highest common divisor of p and q.
1
Let o be 2/((16/(-12))/(-4)). Suppose 5*i - 27 = -u, -12 = -5*i - 4*u + o. Let b be ((-18)/15)/(i/(-20)). Calculate the highest common divisor of 1 and b.
1
Let b = 42 + -35. Let u = 108 + -73. Calculate the greatest common divisor of b and u.
7
Let w be (-4)/(-8) + 4 + 30/(-12). Suppose 4*t - 4*i - 18 = -t, -2*i - 4 = 0. What is the highest common divisor of t and w?
2
Let q be 790*11/242 + 3/33. Calculate the greatest common factor of q and 16.
4
Suppose -p + 15*q + 52 = 12*q, -5*q = 2*p - 115. Calculate the highest common factor of p and 80.
5
Let g = 6 - -14. Let v be g/((-10)/2) + 81. Calculate the greatest common divisor of 11 and v.
11
Suppose 2*q - t = 103, -3*q - t - 2*t = -141. Calculate the highest common factor of q and 25.
25
Let m = 24 + -51. Let z = m + 34. What is the greatest common factor of 35 and z?
7
Let s(x) = -8*x + 7. Let k be s(9). Let a = k - -197. Calculate the highest common factor of a and 12.
12
Let r be (-16)/(-3)*12/8. Suppose -13*y + r*y = -40. Calculate the greatest common divisor of y and 4.
4
Suppose -29*p = -14*p - 1650. Calculate the greatest common divisor of p and 77.
11
Suppose -22*b + 17*b = -50. Calculate the greatest common factor of b and 115.
5
Suppose 85*k - 81*k - 132 = 0. What is the greatest common divisor of 55 and k?
11
Let q = -23 - -7. Let p be 3/(-2)*q/(-3). Let h(o) = -14*o + 9. Let x be h(p). What is the highest common divisor of x and 11?
11
Let u be ((1 - -1) + -17)/((-4)/20). What is the highest common factor of 15 and u?
15
Let o(f) = 3*f - 1. Let x be o(5). Let p = 429 + -264. Suppose 4*i - p = 451. Calculate the highest common divisor of i and x.
14
Let w(v) = v**2 - v - 7. Let d be w(-3). Suppose -r = -3 + 2. Calculate the greatest common factor of d and r.
1
Let c = -263 + 399. Suppose -2*q + 2*h + 41 = q, 83 = 4*q + 3*h. Calculate the highest common factor of c and q.
17
Suppose 2*r = 76 - 16. Let d = 2476 + -2470. Calculate the greatest common divisor of r and d.
6
Let n(a) = -a**2 + 35*a - 36. Let m be n(32). Calculate the greatest common divisor of m and 135.
15
Let c be (-3)/(-2) - 255/(-30). Let q(s) = 5*s - 22. Let r be q(c). Calculate the highest common factor of r and 14.
14
Let k be 84/10 - 2/5. Let s be 2/11 + 408/(-66). Let z = s + k. Calculate the greatest common divisor of z and 4.
2
Suppose -109*k = -4*k - 5880. Calculate the highest common factor of k and 322.
14
Suppose 2*t + 2*n = -0*n + 1562, -4*n + 1570 = 2*t. Calculate the greatest common divisor of t and 333.
111
Let i(p) = -7*p**3 + 4*p**2 - 4*p + 1. Let d be i(2). Let q = d - -72. What is the greatest common divisor of 10 and q?
5
Suppose -n + 13 = 5*g, 0*g = -2*n + 3*g + 78. What is the greatest common divisor of 121 and n?
11
Let v(t) = -t**2 - 10*t - 9. Suppose 2*k - 5*k - 27 = 0. Let r be v(k). Suppose -4*w = -r*w - 28. Calculate the greatest common factor of 63 and w.
7
Suppose 3*f - 5*f = -176. Suppose 0 = 5*l - 6*l + f. What is the greatest common divisor of l and 8?
8
Let d = 544 - 416. What is the highest common divisor of 48 and d?
16
Suppose 36 = 5*c - 24. Let q be (c/30)/(2/60). Let w be 96 + 0/(0 + -1). What is the greatest common factor of w and q?
12
Let u be (-1 + 10)/(-3) - 10. Let i = u + 15. Suppose -q = 3, -2*k + i*q - 9 + 31 = 0. What is the highest common divisor of k and 88?
8
Let s(l) = l**2 - 6*l + 4. Let z be s(2). Let p(y) = -5*y - 12